{"id":252,"date":"2025-11-11T18:13:14","date_gmt":"2025-11-11T18:13:14","guid":{"rendered":"https:\/\/silverio.silverio.pt\/?page_id=252"},"modified":"2025-11-17T20:05:46","modified_gmt":"2025-11-17T20:05:46","slug":"about","status":"publish","type":"page","link":"https:\/\/silverio.silverio.pt\/?page_id=252","title":{"rendered":"About"},"content":{"rendered":"\n\n\n\n\n\n\n\n\n\n\n\n\n<h2>Sobre N\u00f3s<\/h2>\n\n\n\n<h2>Mais sobre a Silv\u00e9rio &amp; Silv\u00e9rio<\/h2>\n\n\n\n<h2>Na Silv\u00e9rio &amp; Silv\u00e9rio, nos dedicamos a oferecer as melhores solu\u00e7\u00f5es para sistemas de rega e bombagem.<\/h2>\n\n\n\nAcreditamos em tradi\u00e7\u00f5es s\u00f3lidas e em um atendimento excepcional, sempre visando a satisfa\u00e7\u00e3o do cliente.\n\n\n\nNosso compromisso vai al\u00e9m da constru\u00e7\u00e3o; atuamos de maneira respons\u00e1vel com a comunidade e o meio ambiente.\n\n\n\nEstamos focados em ser l\u00edderes no mercado, trazendo solu\u00e7\u00f5es inovadoras e de alta qualidade.\n\n\n\n\n\n\n\n\n\n\n\n\n\n\n\n<h2>Nosso Portf\u00f3lio<\/h2>\n\n\n\n<h2>Veja algumas de nossas obras e projetos realizados, cada um com um toque exclusivo de criatividade e classe.<\/h2>\n\n\n\n\n\n\n\n\n\n\n\n\n\n\n\n\n\n\n\n\n\n<h1>Aperte o bot\u00e3o para come\u00e7ar<\/h1>\n\n\n\n<h2>Entre em Contato Conosco<br><\/h2>\n\n\n\n\n\n\n\n\n\n\n\n<h2>Conhe\u00e7a Nossa Equipe<\/h2>\n\n\n\n\n\n\n\n\n\n\n\n<h2>Silv\u00e9rio<\/h2>\n\n\n\n<h2><\/h2>\n\n\n\n\n\n\n\n\n\n\n\n<h2><\/h2>\n\n\n\n<h2><\/h2>\n\n\n\n\n\n\n\n\n\n\n\n<h2><\/h2>\n\n\n\n<h2>Comercial<\/h2>\n\n\n\n\n\n\n\n<p><\/p>\n","protected":false},"excerpt":{"rendered":"","protected":false},"author":1,"featured_media":0,"parent":0,"menu_order":0,"comment_status":"closed","ping_status":"closed","template":"","meta":{"pagelayer_contact_templates":[],"_pagelayer_content":"","footnotes":""},"class_list":["post-252","page","type-page","status-publish","hentry"],"_links":{"self":[{"href":"https:\/\/silverio.silverio.pt\/index.php?rest_route=\/wp\/v2\/pages\/252","targetHints":{"allow":["GET"]}}],"collection":[{"href":"https:\/\/silverio.silverio.pt\/index.php?rest_route=\/wp\/v2\/pages"}],"about":[{"href":"https:\/\/silverio.silverio.pt\/index.php?rest_route=\/wp\/v2\/types\/page"}],"author":[{"embeddable":true,"href":"https:\/\/silverio.silverio.pt\/index.php?rest_route=\/wp\/v2\/users\/1"}],"replies":[{"embeddable":true,"href":"https:\/\/silverio.silverio.pt\/index.php?rest_route=%2Fwp%2Fv2%2Fcomments&post=252"}],"version-history":[{"count":1,"href":"https:\/\/silverio.silverio.pt\/index.php?rest_route=\/wp\/v2\/pages\/252\/revisions"}],"predecessor-version":[{"id":283,"href":"https:\/\/silverio.silverio.pt\/index.php?rest_route=\/wp\/v2\/pages\/252\/revisions\/283"}],"wp:attachment":[{"href":"https:\/\/silverio.silverio.pt\/index.php?rest_route=%2Fwp%2Fv2%2Fmedia&parent=252"}],"curies":[{"name":"wp","href":"https:\/\/api.w.org\/{rel}","templated":true}]}}